{"id":548,"date":"2020-09-22T16:32:59","date_gmt":"2020-09-22T16:32:59","guid":{"rendered":"https:\/\/groupmongastronomic.com\/?post_type=product&#038;p=548"},"modified":"2020-09-22T16:32:59","modified_gmt":"2020-09-22T16:32:59","slug":"taller-de-panellets-solo-nino-a","status":"publish","type":"product","link":"https:\/\/groupmongastronomic.com\/index.php\/producto\/taller-de-panellets-solo-nino-a\/","title":{"rendered":"Taller de Panellets (Solo ni\u00f1o\/a)"},"content":{"rendered":"<p>Un postre delicioso que os encantar\u00e1 elaborarlo con los m\u00e1s peque\u00f1os de la casa. Los tradicionales panellets no pueden faltar en \u00a0este d\u00eda tan especial. Ven a nuestro taller y aprende a elaborarlos.<\/p>\n","protected":false},"excerpt":{"rendered":"<p>Un postre delicioso que os encantar\u00e1 elaborarlo con los m\u00e1s peque\u00f1os de la casa. Los tradicionales panellets no pueden faltar en \u00a0este d\u00eda tan especial. Ven a nuestro taller y aprende a elaborarlos.<\/p>\n","protected":false},"featured_media":520,"comment_status":"open","ping_status":"closed","template":"","meta":{"_et_pb_use_builder":"","_et_pb_old_content":"","_et_gb_content_width":""},"product_brand":[],"product_cat":[55],"product_tag":[],"class_list":{"0":"post-548","1":"product","2":"type-product","3":"status-publish","4":"has-post-thumbnail","6":"product_cat-taller-de-panellets","8":"first","9":"instock","10":"downloadable","11":"shipping-taxable","12":"purchasable","13":"product-type-simple"},"aioseo_notices":[],"_links":{"self":[{"href":"https:\/\/groupmongastronomic.com\/index.php\/wp-json\/wp\/v2\/product\/548","targetHints":{"allow":["GET"]}}],"collection":[{"href":"https:\/\/groupmongastronomic.com\/index.php\/wp-json\/wp\/v2\/product"}],"about":[{"href":"https:\/\/groupmongastronomic.com\/index.php\/wp-json\/wp\/v2\/types\/product"}],"replies":[{"embeddable":true,"href":"https:\/\/groupmongastronomic.com\/index.php\/wp-json\/wp\/v2\/comments?post=548"}],"wp:featuredmedia":[{"embeddable":true,"href":"https:\/\/groupmongastronomic.com\/index.php\/wp-json\/wp\/v2\/media\/520"}],"wp:attachment":[{"href":"https:\/\/groupmongastronomic.com\/index.php\/wp-json\/wp\/v2\/media?parent=548"}],"wp:term":[{"taxonomy":"product_brand","embeddable":true,"href":"https:\/\/groupmongastronomic.com\/index.php\/wp-json\/wp\/v2\/product_brand?post=548"},{"taxonomy":"product_cat","embeddable":true,"href":"https:\/\/groupmongastronomic.com\/index.php\/wp-json\/wp\/v2\/product_cat?post=548"},{"taxonomy":"product_tag","embeddable":true,"href":"https:\/\/groupmongastronomic.com\/index.php\/wp-json\/wp\/v2\/product_tag?post=548"}],"curies":[{"name":"wp","href":"https:\/\/api.w.org\/{rel}","templated":true}]}}